{"id":210,"date":"2025-01-12T21:38:43","date_gmt":"2025-01-13T00:38:43","guid":{"rendered":"https:\/\/alialogistica.com.br\/v3\/?page_id=210"},"modified":"2025-10-01T15:28:49","modified_gmt":"2025-10-01T18:28:49","slug":"conheca-mais-sobre-a-alia","status":"publish","type":"page","link":"https:\/\/alialogistica.com.br\/v3\/conheca-mais-sobre-a-alia\/","title":{"rendered":"Conhe\u00e7a mais sobre a Ali\u00e3"},"content":{"rendered":"\t\t<div data-elementor-type=\"wp-page\" data-elementor-id=\"210\" class=\"elementor elementor-210\" data-elementor-post-type=\"page\">\n\t\t\t\t<div class=\"elementor-element elementor-element-4dde247 e-con-full e-flex e-con e-parent\" data-id=\"4dde247\" data-element_type=\"container\">\n\t\t\t\t<div class=\"elementor-element elementor-element-a230596 elementor--h-position-left elementor--v-position-middle elementor-pagination-position-inside elementor-widget elementor-widget-slides\" data-id=\"a230596\" data-element_type=\"widget\" data-settings=\"{&quot;navigation&quot;:&quot;dots&quot;,&quot;autoplay&quot;:&quot;yes&quot;,&quot;pause_on_hover&quot;:&quot;yes&quot;,&quot;pause_on_interaction&quot;:&quot;yes&quot;,&quot;autoplay_speed&quot;:5000,&quot;infinite&quot;:&quot;yes&quot;,&quot;transition&quot;:&quot;slide&quot;,&quot;transition_speed&quot;:500}\" data-widget_type=\"slides.default\">\n\t\t\t\t<div class=\"elementor-widget-container\">\n\t\t\t\t\t\t\t\t\t<div class=\"elementor-swiper\">\n\t\t\t\t\t<div class=\"elementor-slides-wrapper elementor-main-swiper swiper\" role=\"region\" aria-roledescription=\"carousel\" aria-label=\"Slides\" dir=\"ltr\" data-animation=\"fadeInUp\">\n\t\t\t\t<div class=\"swiper-wrapper elementor-slides\">\n\t\t\t\t\t\t\t\t\t\t<div class=\"elementor-repeater-item-65d83ae swiper-slide\" role=\"group\" aria-roledescription=\"slide\"><div class=\"swiper-slide-bg elementor-ken-burns elementor-ken-burns--out\" role=\"img\"><\/div><div class=\"swiper-slide-inner\" ><div class=\"swiper-slide-contents\"><div class=\"elementor-slide-heading\">Conhe\u00e7a mais sobre a Ali\u00e3<\/div><div class=\"elementor-slide-description\">Aqui, voc\u00ea encontra insights, tend\u00eancias e conte\u00fados relevantes que refletem o nosso compromisso com conhecimento e inova\u00e7\u00e3o.<\/div><\/div><\/div><\/div>\t\t\t\t<\/div>\n\t\t\t\t\t\t\t<\/div>\n\t\t\t\t<\/div>\n\t\t\t\t\t\t\t\t<\/div>\n\t\t\t\t<\/div>\n\t\t\t\t<\/div>\n\t\t<div class=\"elementor-element elementor-element-10f8fe5 e-flex e-con-boxed e-con e-parent\" data-id=\"10f8fe5\" data-element_type=\"container\">\n\t\t\t\t\t<div class=\"e-con-inner\">\n\t\t\t\t<div class=\"elementor-element elementor-element-19e47d9 elementor-widget elementor-widget-heading\" data-id=\"19e47d9\" data-element_type=\"widget\" data-widget_type=\"heading.default\">\n\t\t\t\t<div class=\"elementor-widget-container\">\n\t\t\t\t\t<h2 class=\"elementor-heading-title elementor-size-default\">Saiba Mais Sobre Sustentabilidade<\/h2>\t\t\t\t<\/div>\n\t\t\t\t<\/div>\n\t\t<div class=\"elementor-element elementor-element-a98b08b e-con-full e-flex e-con e-child\" data-id=\"a98b08b\" data-element_type=\"container\">\n\t\t<div class=\"elementor-element elementor-element-5fa1cb1 e-con-full e-flex e-con e-child\" data-id=\"5fa1cb1\" data-element_type=\"container\">\n\t\t\t\t<div class=\"elementor-element elementor-element-9df2c36 elementor-widget elementor-widget-jet-listing-grid\" data-id=\"9df2c36\" data-element_type=\"widget\" data-settings=\"{&quot;columns&quot;:&quot;3&quot;,&quot;columns_mobile&quot;:&quot;1&quot;}\" data-widget_type=\"jet-listing-grid.default\">\n\t\t\t\t<div class=\"elementor-widget-container\">\n\t\t\t\t\t<div class=\"jet-listing-grid jet-listing\"><div class=\"jet-listing-grid__items grid-col-desk-3 grid-col-tablet-3 grid-col-mobile-1 jet-listing-grid--145 grid-collapse-gap\" data-queried-id=\"210|WP_Post\" data-nav=\"{&quot;enabled&quot;:false,&quot;type&quot;:null,&quot;more_el&quot;:null,&quot;query&quot;:[],&quot;widget_settings&quot;:{&quot;lisitng_id&quot;:145,&quot;posts_num&quot;:6,&quot;columns&quot;:3,&quot;columns_tablet&quot;:3,&quot;columns_mobile&quot;:1,&quot;is_archive_template&quot;:&quot;&quot;,&quot;post_status&quot;:[&quot;publish&quot;],&quot;use_random_posts_num&quot;:&quot;&quot;,&quot;max_posts_num&quot;:9,&quot;not_found_message&quot;:&quot;No data was found&quot;,&quot;is_masonry&quot;:false,&quot;equal_columns_height&quot;:&quot;&quot;,&quot;use_load_more&quot;:&quot;&quot;,&quot;load_more_id&quot;:&quot;&quot;,&quot;load_more_type&quot;:&quot;click&quot;,&quot;load_more_offset&quot;:{&quot;unit&quot;:&quot;px&quot;,&quot;size&quot;:0,&quot;sizes&quot;:[]},&quot;use_custom_post_types&quot;:&quot;&quot;,&quot;custom_post_types&quot;:[],&quot;hide_widget_if&quot;:&quot;&quot;,&quot;carousel_enabled&quot;:&quot;&quot;,&quot;slides_to_scroll&quot;:&quot;1&quot;,&quot;arrows&quot;:&quot;true&quot;,&quot;arrow_icon&quot;:&quot;fa fa-angle-left&quot;,&quot;dots&quot;:&quot;&quot;,&quot;autoplay&quot;:&quot;true&quot;,&quot;pause_on_hover&quot;:&quot;true&quot;,&quot;autoplay_speed&quot;:5000,&quot;infinite&quot;:&quot;true&quot;,&quot;center_mode&quot;:&quot;&quot;,&quot;effect&quot;:&quot;slide&quot;,&quot;speed&quot;:500,&quot;inject_alternative_items&quot;:&quot;&quot;,&quot;injection_items&quot;:[],&quot;scroll_slider_enabled&quot;:&quot;&quot;,&quot;scroll_slider_on&quot;:[&quot;desktop&quot;,&quot;tablet&quot;,&quot;mobile&quot;],&quot;custom_query&quot;:false,&quot;custom_query_id&quot;:&quot;&quot;,&quot;_element_id&quot;:&quot;&quot;,&quot;collapse_first_last_gap&quot;:&quot;true&quot;,&quot;list_items_wrapper_tag&quot;:&quot;div&quot;,&quot;list_item_tag&quot;:&quot;div&quot;,&quot;empty_items_wrapper_tag&quot;:&quot;div&quot;}}\" data-page=\"1\" data-pages=\"1\" data-listing-source=\"posts\" data-listing-id=\"145\" data-query-id=\"\"><div class=\"jet-listing-grid__item jet-listing-dynamic-post-320\" data-post-id=\"320\" >\t\t<div data-elementor-type=\"jet-listing-items\" data-elementor-id=\"145\" class=\"elementor elementor-145\" data-elementor-post-type=\"jet-engine\">\n\t\t\t\t<a class=\"elementor-element elementor-element-6c877ab e-flex e-con-boxed e-con e-parent\" data-id=\"6c877ab\" data-element_type=\"container\" href=\"https:\/\/alialogistica.com.br\/v3\/blog\/reducao-de-custos-logisticos-atraves-de-planejamento-eficiente\/\">\n\t\t\t\t\t<div class=\"e-con-inner\">\n\t\t\t\t<div class=\"elementor-element elementor-element-1c7d7b8 elementor-widget elementor-widget-image\" data-id=\"1c7d7b8\" data-element_type=\"widget\" data-widget_type=\"image.default\">\n\t\t\t\t<div class=\"elementor-widget-container\">\n\t\t\t\t\t\t\t\t\t\t\t\t\t\t\t<img fetchpriority=\"high\" decoding=\"async\" width=\"800\" height=\"533\" src=\"https:\/\/alialogistica.com.br\/v3\/wp-content\/uploads\/2025\/01\/marcin-jozwiak-kGoPcmpPT7c-unsplash-1-1024x682.jpg\" class=\"attachment-large size-large wp-image-321\" alt=\"\" srcset=\"https:\/\/alialogistica.com.br\/v3\/wp-content\/uploads\/2025\/01\/marcin-jozwiak-kGoPcmpPT7c-unsplash-1-1024x682.jpg 1024w, https:\/\/alialogistica.com.br\/v3\/wp-content\/uploads\/2025\/01\/marcin-jozwiak-kGoPcmpPT7c-unsplash-1-300x200.jpg 300w, https:\/\/alialogistica.com.br\/v3\/wp-content\/uploads\/2025\/01\/marcin-jozwiak-kGoPcmpPT7c-unsplash-1-768x512.jpg 768w, https:\/\/alialogistica.com.br\/v3\/wp-content\/uploads\/2025\/01\/marcin-jozwiak-kGoPcmpPT7c-unsplash-1-1536x1023.jpg 1536w, https:\/\/alialogistica.com.br\/v3\/wp-content\/uploads\/2025\/01\/marcin-jozwiak-kGoPcmpPT7c-unsplash-1.jpg 1920w\" sizes=\"(max-width: 800px) 100vw, 800px\" \/>\t\t\t\t\t\t\t\t\t\t\t\t\t\t\t<\/div>\n\t\t\t\t<\/div>\n\t\t\t\t<div class=\"elementor-element elementor-element-e55b991 elementor-widget elementor-widget-heading\" data-id=\"e55b991\" data-element_type=\"widget\" data-widget_type=\"heading.default\">\n\t\t\t\t<div class=\"elementor-widget-container\">\n\t\t\t\t\t<h2 class=\"elementor-heading-title elementor-size-default\">Custos<\/h2>\t\t\t\t<\/div>\n\t\t\t\t<\/div>\n\t\t\t\t<div class=\"elementor-element elementor-element-77bc2eb elementor-widget elementor-widget-heading\" data-id=\"77bc2eb\" data-element_type=\"widget\" data-widget_type=\"heading.default\">\n\t\t\t\t<div class=\"elementor-widget-container\">\n\t\t\t\t\t<h2 class=\"elementor-heading-title elementor-size-default\">Redu\u00e7\u00e3o de custos log\u00edsticos atrav\u00e9s de planejamento eficiente<\/h2>\t\t\t\t<\/div>\n\t\t\t\t<\/div>\n\t\t\t\t<div class=\"elementor-element elementor-element-504165e elementor-widget elementor-widget-text-editor\" data-id=\"504165e\" data-element_type=\"widget\" data-widget_type=\"text-editor.default\">\n\t\t\t\t<div class=\"elementor-widget-container\">\n\t\t\t\t\t\t\t\t\tA redu\u00e7\u00e3o de custos log\u00edsticos \u00e9 um desafio constante para empresas que desejam manter a competitividade sem sacrificar a qualidade dos servi\u00e7os.\t\t\t\t\t\t\t\t<\/div>\n\t\t\t\t<\/div>\n\t\t\t\t\t<\/div>\n\t\t\t\t<\/a>\n\t\t\t\t<\/div>\n\t\t<\/div><div class=\"jet-listing-grid__item jet-listing-dynamic-post-318\" data-post-id=\"318\" >\t\t<div data-elementor-type=\"jet-listing-items\" data-elementor-id=\"145\" class=\"elementor elementor-145\" data-elementor-post-type=\"jet-engine\">\n\t\t\t\t<a class=\"elementor-element elementor-element-6c877ab e-flex e-con-boxed e-con e-parent\" data-id=\"6c877ab\" data-element_type=\"container\" href=\"https:\/\/alialogistica.com.br\/v3\/blog\/como-escolher-um-parceiro-logistico-confiavel\/\">\n\t\t\t\t\t<div class=\"e-con-inner\">\n\t\t\t\t<div class=\"elementor-element elementor-element-1c7d7b8 elementor-widget elementor-widget-image\" data-id=\"1c7d7b8\" data-element_type=\"widget\" data-widget_type=\"image.default\">\n\t\t\t\t<div class=\"elementor-widget-container\">\n\t\t\t\t\t\t\t\t\t\t\t\t\t\t\t<img decoding=\"async\" width=\"800\" height=\"534\" src=\"https:\/\/alialogistica.com.br\/v3\/wp-content\/uploads\/2025\/01\/truck-driver-checking-vehicle-tires-inspecting-truck-before-ride-1024x683.webp\" class=\"attachment-large size-large wp-image-319\" alt=\"\" srcset=\"https:\/\/alialogistica.com.br\/v3\/wp-content\/uploads\/2025\/01\/truck-driver-checking-vehicle-tires-inspecting-truck-before-ride-1024x683.webp 1024w, https:\/\/alialogistica.com.br\/v3\/wp-content\/uploads\/2025\/01\/truck-driver-checking-vehicle-tires-inspecting-truck-before-ride-300x200.webp 300w, https:\/\/alialogistica.com.br\/v3\/wp-content\/uploads\/2025\/01\/truck-driver-checking-vehicle-tires-inspecting-truck-before-ride-768x513.webp 768w, https:\/\/alialogistica.com.br\/v3\/wp-content\/uploads\/2025\/01\/truck-driver-checking-vehicle-tires-inspecting-truck-before-ride-1536x1025.webp 1536w, https:\/\/alialogistica.com.br\/v3\/wp-content\/uploads\/2025\/01\/truck-driver-checking-vehicle-tires-inspecting-truck-before-ride-2048x1367.webp 2048w\" sizes=\"(max-width: 800px) 100vw, 800px\" \/>\t\t\t\t\t\t\t\t\t\t\t\t\t\t\t<\/div>\n\t\t\t\t<\/div>\n\t\t\t\t<div class=\"elementor-element elementor-element-e55b991 elementor-widget elementor-widget-heading\" data-id=\"e55b991\" data-element_type=\"widget\" data-widget_type=\"heading.default\">\n\t\t\t\t<div class=\"elementor-widget-container\">\n\t\t\t\t\t<h2 class=\"elementor-heading-title elementor-size-default\">Log\u00edstica<\/h2>\t\t\t\t<\/div>\n\t\t\t\t<\/div>\n\t\t\t\t<div class=\"elementor-element elementor-element-77bc2eb elementor-widget elementor-widget-heading\" data-id=\"77bc2eb\" data-element_type=\"widget\" data-widget_type=\"heading.default\">\n\t\t\t\t<div class=\"elementor-widget-container\">\n\t\t\t\t\t<h2 class=\"elementor-heading-title elementor-size-default\">Como escolher um parceiro log\u00edstico confi\u00e1vel<\/h2>\t\t\t\t<\/div>\n\t\t\t\t<\/div>\n\t\t\t\t<div class=\"elementor-element elementor-element-504165e elementor-widget elementor-widget-text-editor\" data-id=\"504165e\" data-element_type=\"widget\" data-widget_type=\"text-editor.default\">\n\t\t\t\t<div class=\"elementor-widget-container\">\n\t\t\t\t\t\t\t\t\tA escolha de um parceiro log\u00edstico \u00e9 uma decis\u00e3o estrat\u00e9gica que impacta diretamente a efici\u00eancia, a seguran\u00e7a e a competitividade de qualquer opera\u00e7\u00e3o B2B.\t\t\t\t\t\t\t\t<\/div>\n\t\t\t\t<\/div>\n\t\t\t\t\t<\/div>\n\t\t\t\t<\/a>\n\t\t\t\t<\/div>\n\t\t<\/div><div class=\"jet-listing-grid__item jet-listing-dynamic-post-317\" data-post-id=\"317\" >\t\t<div data-elementor-type=\"jet-listing-items\" data-elementor-id=\"145\" class=\"elementor elementor-145\" data-elementor-post-type=\"jet-engine\">\n\t\t\t\t<a class=\"elementor-element elementor-element-6c877ab e-flex e-con-boxed e-con e-parent\" data-id=\"6c877ab\" data-element_type=\"container\" href=\"https:\/\/alialogistica.com.br\/v3\/blog\/a-logistica-como-fator-de-experiencia-do-cliente\/\">\n\t\t\t\t\t<div class=\"e-con-inner\">\n\t\t\t\t<div class=\"elementor-element elementor-element-1c7d7b8 elementor-widget elementor-widget-image\" data-id=\"1c7d7b8\" data-element_type=\"widget\" data-widget_type=\"image.default\">\n\t\t\t\t<div class=\"elementor-widget-container\">\n\t\t\t\t\t\t\t\t\t\t\t\t\t\t\t<img decoding=\"async\" width=\"800\" height=\"288\" src=\"https:\/\/alialogistica.com.br\/v3\/wp-content\/uploads\/2025\/01\/modelo-empresa-1024x368.webp\" class=\"attachment-large size-large wp-image-16\" alt=\"\" srcset=\"https:\/\/alialogistica.com.br\/v3\/wp-content\/uploads\/2025\/01\/modelo-empresa-1024x368.webp 1024w, https:\/\/alialogistica.com.br\/v3\/wp-content\/uploads\/2025\/01\/modelo-empresa-300x108.webp 300w, https:\/\/alialogistica.com.br\/v3\/wp-content\/uploads\/2025\/01\/modelo-empresa-768x276.webp 768w, https:\/\/alialogistica.com.br\/v3\/wp-content\/uploads\/2025\/01\/modelo-empresa.webp 1237w\" sizes=\"(max-width: 800px) 100vw, 800px\" \/>\t\t\t\t\t\t\t\t\t\t\t\t\t\t\t<\/div>\n\t\t\t\t<\/div>\n\t\t\t\t<div class=\"elementor-element elementor-element-e55b991 elementor-widget elementor-widget-heading\" data-id=\"e55b991\" data-element_type=\"widget\" data-widget_type=\"heading.default\">\n\t\t\t\t<div class=\"elementor-widget-container\">\n\t\t\t\t\t<h2 class=\"elementor-heading-title elementor-size-default\">Log\u00edstica<\/h2>\t\t\t\t<\/div>\n\t\t\t\t<\/div>\n\t\t\t\t<div class=\"elementor-element elementor-element-77bc2eb elementor-widget elementor-widget-heading\" data-id=\"77bc2eb\" data-element_type=\"widget\" data-widget_type=\"heading.default\">\n\t\t\t\t<div class=\"elementor-widget-container\">\n\t\t\t\t\t<h2 class=\"elementor-heading-title elementor-size-default\">A log\u00edstica como fator de experi\u00eancia do cliente<\/h2>\t\t\t\t<\/div>\n\t\t\t\t<\/div>\n\t\t\t\t<div class=\"elementor-element elementor-element-504165e elementor-widget elementor-widget-text-editor\" data-id=\"504165e\" data-element_type=\"widget\" data-widget_type=\"text-editor.default\">\n\t\t\t\t<div class=\"elementor-widget-container\">\n\t\t\t\t\t\t\t\t\tNo mundo B2B, a log\u00edstica exerce um papel estrat\u00e9gico para a experi\u00eancia do cliente corporativo.\t\t\t\t\t\t\t\t<\/div>\n\t\t\t\t<\/div>\n\t\t\t\t\t<\/div>\n\t\t\t\t<\/a>\n\t\t\t\t<\/div>\n\t\t<\/div><div class=\"jet-listing-grid__item jet-listing-dynamic-post-316\" data-post-id=\"316\" >\t\t<div data-elementor-type=\"jet-listing-items\" data-elementor-id=\"145\" class=\"elementor elementor-145\" data-elementor-post-type=\"jet-engine\">\n\t\t\t\t<a class=\"elementor-element elementor-element-6c877ab e-flex e-con-boxed e-con e-parent\" data-id=\"6c877ab\" data-element_type=\"container\" href=\"https:\/\/alialogistica.com.br\/v3\/blog\/a-importancia-da-logistica-para-a-competitividade-empresarial\/\">\n\t\t\t\t\t<div class=\"e-con-inner\">\n\t\t\t\t<div class=\"elementor-element elementor-element-1c7d7b8 elementor-widget elementor-widget-image\" data-id=\"1c7d7b8\" data-element_type=\"widget\" data-widget_type=\"image.default\">\n\t\t\t\t<div class=\"elementor-widget-container\">\n\t\t\t\t\t\t\t\t\t\t\t\t\t\t\t<img loading=\"lazy\" decoding=\"async\" width=\"800\" height=\"357\" src=\"https:\/\/alialogistica.com.br\/v3\/wp-content\/uploads\/2025\/01\/slide-posts-1024x457.webp\" class=\"attachment-large size-large wp-image-212\" alt=\"\" srcset=\"https:\/\/alialogistica.com.br\/v3\/wp-content\/uploads\/2025\/01\/slide-posts-1024x457.webp 1024w, https:\/\/alialogistica.com.br\/v3\/wp-content\/uploads\/2025\/01\/slide-posts-300x134.webp 300w, https:\/\/alialogistica.com.br\/v3\/wp-content\/uploads\/2025\/01\/slide-posts-768x343.webp 768w, https:\/\/alialogistica.com.br\/v3\/wp-content\/uploads\/2025\/01\/slide-posts-1536x686.webp 1536w, https:\/\/alialogistica.com.br\/v3\/wp-content\/uploads\/2025\/01\/slide-posts.webp 1920w\" sizes=\"(max-width: 800px) 100vw, 800px\" \/>\t\t\t\t\t\t\t\t\t\t\t\t\t\t\t<\/div>\n\t\t\t\t<\/div>\n\t\t\t\t<div class=\"elementor-element elementor-element-e55b991 elementor-widget elementor-widget-heading\" data-id=\"e55b991\" data-element_type=\"widget\" data-widget_type=\"heading.default\">\n\t\t\t\t<div class=\"elementor-widget-container\">\n\t\t\t\t\t<h2 class=\"elementor-heading-title elementor-size-default\">Log\u00edstica<\/h2>\t\t\t\t<\/div>\n\t\t\t\t<\/div>\n\t\t\t\t<div class=\"elementor-element elementor-element-77bc2eb elementor-widget elementor-widget-heading\" data-id=\"77bc2eb\" data-element_type=\"widget\" data-widget_type=\"heading.default\">\n\t\t\t\t<div class=\"elementor-widget-container\">\n\t\t\t\t\t<h2 class=\"elementor-heading-title elementor-size-default\">A import\u00e2ncia da log\u00edstica para a competitividade empresarial<\/h2>\t\t\t\t<\/div>\n\t\t\t\t<\/div>\n\t\t\t\t<div class=\"elementor-element elementor-element-504165e elementor-widget elementor-widget-text-editor\" data-id=\"504165e\" data-element_type=\"widget\" data-widget_type=\"text-editor.default\">\n\t\t\t\t<div class=\"elementor-widget-container\">\n\t\t\t\t\t\t\t\t\tA log\u00edstica desempenha um papel estrat\u00e9gico para empresas que buscam se destacar em um mercado cada vez mais din\u00e2mico e exigente.\t\t\t\t\t\t\t\t<\/div>\n\t\t\t\t<\/div>\n\t\t\t\t\t<\/div>\n\t\t\t\t<\/a>\n\t\t\t\t<\/div>\n\t\t<\/div><div class=\"jet-listing-grid__item jet-listing-dynamic-post-127\" data-post-id=\"127\" >\t\t<div data-elementor-type=\"jet-listing-items\" data-elementor-id=\"145\" class=\"elementor elementor-145\" data-elementor-post-type=\"jet-engine\">\n\t\t\t\t<a class=\"elementor-element elementor-element-6c877ab e-flex e-con-boxed e-con e-parent\" data-id=\"6c877ab\" data-element_type=\"container\" href=\"https:\/\/alialogistica.com.br\/v3\/blog\/otimizamos-e-transformamos-a-gestao-logistica-da-sua-empresa\/\">\n\t\t\t\t\t<div class=\"e-con-inner\">\n\t\t\t\t<div class=\"elementor-element elementor-element-1c7d7b8 elementor-widget elementor-widget-image\" data-id=\"1c7d7b8\" data-element_type=\"widget\" data-widget_type=\"image.default\">\n\t\t\t\t<div class=\"elementor-widget-container\">\n\t\t\t\t\t\t\t\t\t\t\t\t\t\t\t<img loading=\"lazy\" decoding=\"async\" width=\"800\" height=\"301\" src=\"https:\/\/alialogistica.com.br\/v3\/wp-content\/uploads\/2025\/01\/gestao-logistica-capa-1024x385.webp\" class=\"attachment-large size-large wp-image-129\" alt=\"\" srcset=\"https:\/\/alialogistica.com.br\/v3\/wp-content\/uploads\/2025\/01\/gestao-logistica-capa-1024x385.webp 1024w, https:\/\/alialogistica.com.br\/v3\/wp-content\/uploads\/2025\/01\/gestao-logistica-capa-300x113.webp 300w, https:\/\/alialogistica.com.br\/v3\/wp-content\/uploads\/2025\/01\/gestao-logistica-capa-768x289.webp 768w, https:\/\/alialogistica.com.br\/v3\/wp-content\/uploads\/2025\/01\/gestao-logistica-capa.webp 1241w\" sizes=\"(max-width: 800px) 100vw, 800px\" \/>\t\t\t\t\t\t\t\t\t\t\t\t\t\t\t<\/div>\n\t\t\t\t<\/div>\n\t\t\t\t<div class=\"elementor-element elementor-element-e55b991 elementor-widget elementor-widget-heading\" data-id=\"e55b991\" data-element_type=\"widget\" data-widget_type=\"heading.default\">\n\t\t\t\t<div class=\"elementor-widget-container\">\n\t\t\t\t\t<h2 class=\"elementor-heading-title elementor-size-default\">Gest\u00e3o <\/h2>\t\t\t\t<\/div>\n\t\t\t\t<\/div>\n\t\t\t\t<div class=\"elementor-element elementor-element-77bc2eb elementor-widget elementor-widget-heading\" data-id=\"77bc2eb\" data-element_type=\"widget\" data-widget_type=\"heading.default\">\n\t\t\t\t<div class=\"elementor-widget-container\">\n\t\t\t\t\t<h2 class=\"elementor-heading-title elementor-size-default\">Otimizamos e Transformamos a Gest\u00e3o Log\u00edstica da sua Empresa<\/h2>\t\t\t\t<\/div>\n\t\t\t\t<\/div>\n\t\t\t\t<div class=\"elementor-element elementor-element-504165e elementor-widget elementor-widget-text-editor\" data-id=\"504165e\" data-element_type=\"widget\" data-widget_type=\"text-editor.default\">\n\t\t\t\t<div class=\"elementor-widget-container\">\n\t\t\t\t\t\t\t\t\tIt is a long established fact that a reader will be distracted by the readable content of a The point of using Lorem Ipsum is that it has a more-or-less normal distribution\t\t\t\t\t\t\t\t<\/div>\n\t\t\t\t<\/div>\n\t\t\t\t\t<\/div>\n\t\t\t\t<\/a>\n\t\t\t\t<\/div>\n\t\t<\/div><\/div><\/div>\t\t\t\t<\/div>\n\t\t\t\t<\/div>\n\t\t\t\t<\/div>\n\t\t\t\t<\/div>\n\t\t\t\t\t<\/div>\n\t\t\t\t<\/div>\n\t\t\t\t<\/div>\n\t\t","protected":false},"excerpt":{"rendered":"<p>Conhe\u00e7a mais sobre a Ali\u00e3Aqui, voc\u00ea encontra insights, tend\u00eancias e conte\u00fados relevantes que refletem o nosso compromisso com conhecimento e inova\u00e7\u00e3o. Saiba Mais Sobre Sustentabilidade \u00a0 \u00a0 \u00a0 \u00a0 \u00a0<\/p>\n","protected":false},"author":2,"featured_media":0,"parent":0,"menu_order":0,"comment_status":"closed","ping_status":"closed","template":"","meta":{"footnotes":""},"class_list":["post-210","page","type-page","status-publish","hentry"],"aioseo_notices":[],"_links":{"self":[{"href":"https:\/\/alialogistica.com.br\/v3\/wp-json\/wp\/v2\/pages\/210","targetHints":{"allow":["GET"]}}],"collection":[{"href":"https:\/\/alialogistica.com.br\/v3\/wp-json\/wp\/v2\/pages"}],"about":[{"href":"https:\/\/alialogistica.com.br\/v3\/wp-json\/wp\/v2\/types\/page"}],"author":[{"embeddable":true,"href":"https:\/\/alialogistica.com.br\/v3\/wp-json\/wp\/v2\/users\/2"}],"replies":[{"embeddable":true,"href":"https:\/\/alialogistica.com.br\/v3\/wp-json\/wp\/v2\/comments?post=210"}],"version-history":[{"count":14,"href":"https:\/\/alialogistica.com.br\/v3\/wp-json\/wp\/v2\/pages\/210\/revisions"}],"predecessor-version":[{"id":439,"href":"https:\/\/alialogistica.com.br\/v3\/wp-json\/wp\/v2\/pages\/210\/revisions\/439"}],"wp:attachment":[{"href":"https:\/\/alialogistica.com.br\/v3\/wp-json\/wp\/v2\/media?parent=210"}],"curies":[{"name":"wp","href":"https:\/\/api.w.org\/{rel}","templated":true}]}}