{"id":39,"date":"2025-01-12T00:58:55","date_gmt":"2025-01-12T03:58:55","guid":{"rendered":"https:\/\/alialogistica.com.br\/v3\/?page_id=39"},"modified":"2025-10-01T15:45:50","modified_gmt":"2025-10-01T18:45:50","slug":"trabalhe-conosco","status":"publish","type":"page","link":"https:\/\/alialogistica.com.br\/v3\/trabalhe-conosco\/","title":{"rendered":"Trabalhe Conosco"},"content":{"rendered":"\t\t<div data-elementor-type=\"wp-page\" data-elementor-id=\"39\" class=\"elementor elementor-39\" data-elementor-post-type=\"page\">\n\t\t\t\t<div class=\"elementor-element elementor-element-3020a41 e-flex e-con-boxed e-con e-parent\" data-id=\"3020a41\" data-element_type=\"container\" data-settings=\"{&quot;background_background&quot;:&quot;classic&quot;}\">\n\t\t\t\t\t<div class=\"e-con-inner\">\n\t\t\t\t<div class=\"elementor-element elementor-element-c67948e elementor-widget elementor-widget-heading\" data-id=\"c67948e\" data-element_type=\"widget\" data-widget_type=\"heading.default\">\n\t\t\t\t<div class=\"elementor-widget-container\">\n\t\t\t\t\t<h2 class=\"elementor-heading-title elementor-size-default\">Trabalhe Conosco<\/h2>\t\t\t\t<\/div>\n\t\t\t\t<\/div>\n\t\t\t\t<div class=\"elementor-element elementor-element-120b7bc elementor-widget-divider--view-line elementor-widget elementor-widget-divider\" data-id=\"120b7bc\" data-element_type=\"widget\" data-widget_type=\"divider.default\">\n\t\t\t\t<div class=\"elementor-widget-container\">\n\t\t\t\t\t\t\t<div class=\"elementor-divider\">\n\t\t\t<span class=\"elementor-divider-separator\">\n\t\t\t\t\t\t<\/span>\n\t\t<\/div>\n\t\t\t\t\t\t<\/div>\n\t\t\t\t<\/div>\n\t\t\t\t\t<\/div>\n\t\t\t\t<\/div>\n\t\t<div class=\"elementor-element elementor-element-317d092 e-flex e-con-boxed e-con e-parent\" data-id=\"317d092\" data-element_type=\"container\">\n\t\t\t\t\t<div class=\"e-con-inner\">\n\t\t<div class=\"elementor-element elementor-element-a8c50fd e-con-full e-flex e-con e-child\" data-id=\"a8c50fd\" data-element_type=\"container\">\n\t\t<div class=\"elementor-element elementor-element-da1a0a3 e-con-full e-flex e-con e-child\" data-id=\"da1a0a3\" data-element_type=\"container\">\n\t\t\t\t<div class=\"elementor-element elementor-element-6a469c4 elementor-widget elementor-widget-heading\" data-id=\"6a469c4\" data-element_type=\"widget\" data-widget_type=\"heading.default\">\n\t\t\t\t<div class=\"elementor-widget-container\">\n\t\t\t\t\t<h2 class=\"elementor-heading-title elementor-size-default\">Venha transformar o mundo com a gente!<\/h2>\t\t\t\t<\/div>\n\t\t\t\t<\/div>\n\t\t\t\t<\/div>\n\t\t<div class=\"elementor-element elementor-element-3642b36 e-con-full e-flex e-con e-child\" data-id=\"3642b36\" data-element_type=\"container\">\n\t\t\t\t<div class=\"elementor-element elementor-element-4359923 elementor-widget elementor-widget-text-editor\" data-id=\"4359923\" data-element_type=\"widget\" data-widget_type=\"text-editor.default\">\n\t\t\t\t<div class=\"elementor-widget-container\">\n\t\t\t\t\t\t\t\t\t<p>Acreditamos que grandes transforma\u00e7\u00f5es come\u00e7am com pessoas comprometidas e apaixonadas pelo que fazem. Nosso prop\u00f3sito \u00e9 ir al\u00e9m, criando solu\u00e7\u00f5es que impactem positivamente o mundo.<\/p><p>Queremos ao nosso lado quem compartilha dessa vis\u00e3o: quem acredita que pode fazer a diferen\u00e7a e transformar o futuro com suas ideias e seu talento.<\/p>\t\t\t\t\t\t\t\t<\/div>\n\t\t\t\t<\/div>\n\t\t\t\t<\/div>\n\t\t\t\t<\/div>\n\t\t<div class=\"elementor-element elementor-element-6f6cc45 e-con-full e-flex e-con e-child\" data-id=\"6f6cc45\" data-element_type=\"container\" data-settings=\"{&quot;background_background&quot;:&quot;classic&quot;}\">\n\t\t\t\t<div class=\"elementor-element elementor-element-827e8c7 elementor-widget elementor-widget-image\" data-id=\"827e8c7\" data-element_type=\"widget\" data-widget_type=\"image.default\">\n\t\t\t\t<div class=\"elementor-widget-container\">\n\t\t\t\t\t\t\t\t\t\t\t\t\t\t\t<img decoding=\"async\" width=\"226\" height=\"126\" src=\"https:\/\/alialogistica.com.br\/v3\/wp-content\/uploads\/2025\/01\/logo-alia-branco.svg\" class=\"attachment-large size-large wp-image-24\" alt=\"\" \/>\t\t\t\t\t\t\t\t\t\t\t\t\t\t\t<\/div>\n\t\t\t\t<\/div>\n\t\t\t\t<\/div>\n\t\t\t\t\t<\/div>\n\t\t\t\t<\/div>\n\t\t<div class=\"elementor-element elementor-element-5d2e997 e-flex e-con-boxed e-con e-parent\" data-id=\"5d2e997\" data-element_type=\"container\" data-settings=\"{&quot;background_background&quot;:&quot;classic&quot;}\">\n\t\t\t\t\t<div class=\"e-con-inner\">\n\t\t<div class=\"elementor-element elementor-element-388c38a e-con-full e-flex e-con e-child\" data-id=\"388c38a\" data-element_type=\"container\">\n\t\t\t\t<div class=\"elementor-element elementor-element-4e6b9c5 elementor-widget elementor-widget-image\" data-id=\"4e6b9c5\" data-element_type=\"widget\" data-widget_type=\"image.default\">\n\t\t\t\t<div class=\"elementor-widget-container\">\n\t\t\t\t\t\t\t\t\t\t\t\t\t\t\t<img fetchpriority=\"high\" decoding=\"async\" width=\"564\" height=\"751\" src=\"https:\/\/alialogistica.com.br\/v3\/wp-content\/uploads\/2025\/01\/chefe-de-obra.webp\" class=\"attachment-large size-large wp-image-188\" alt=\"\" srcset=\"https:\/\/alialogistica.com.br\/v3\/wp-content\/uploads\/2025\/01\/chefe-de-obra.webp 564w, https:\/\/alialogistica.com.br\/v3\/wp-content\/uploads\/2025\/01\/chefe-de-obra-225x300.webp 225w\" sizes=\"(max-width: 564px) 100vw, 564px\" \/>\t\t\t\t\t\t\t\t\t\t\t\t\t\t\t<\/div>\n\t\t\t\t<\/div>\n\t\t\t\t<\/div>\n\t\t<div class=\"elementor-element elementor-element-4603ba6 e-con-full e-flex e-con e-child\" data-id=\"4603ba6\" data-element_type=\"container\">\n\t\t\t\t<div class=\"elementor-element elementor-element-8eee3b0 elementor-widget elementor-widget-heading\" data-id=\"8eee3b0\" data-element_type=\"widget\" data-widget_type=\"heading.default\">\n\t\t\t\t<div class=\"elementor-widget-container\">\n\t\t\t\t\t<h2 class=\"elementor-heading-title elementor-size-default\">Trabalhe Conosco<\/h2>\t\t\t\t<\/div>\n\t\t\t\t<\/div>\n\t\t\t\t<div class=\"elementor-element elementor-element-a4ad90d elementor-widget elementor-widget-text-editor\" data-id=\"a4ad90d\" data-element_type=\"widget\" data-widget_type=\"text-editor.default\">\n\t\t\t\t<div class=\"elementor-widget-container\">\n\t\t\t\t\t\t\t\t\t<p>Se voc\u00ea busca um lugar para crescer, inovar e deixar sua marca no mundo, aqui \u00e9 o seu lugar.<\/p>\t\t\t\t\t\t\t\t<\/div>\n\t\t\t\t<\/div>\n\t\t\t\t<div class=\"elementor-element elementor-element-9988976 elementor-button-align-start elementor-widget elementor-widget-form\" data-id=\"9988976\" data-element_type=\"widget\" data-settings=\"{&quot;step_next_label&quot;:&quot;Next&quot;,&quot;step_previous_label&quot;:&quot;Previous&quot;,&quot;button_width&quot;:&quot;100&quot;,&quot;step_type&quot;:&quot;number_text&quot;,&quot;step_icon_shape&quot;:&quot;circle&quot;}\" data-widget_type=\"form.default\">\n\t\t\t\t<div class=\"elementor-widget-container\">\n\t\t\t\t\t\t\t<form class=\"elementor-form\" method=\"post\" name=\"form-trabalhe-conosco\" aria-label=\"form-trabalhe-conosco\">\n\t\t\t<input type=\"hidden\" name=\"post_id\" value=\"39\"\/>\n\t\t\t<input type=\"hidden\" name=\"form_id\" value=\"9988976\"\/>\n\t\t\t<input type=\"hidden\" name=\"referer_title\" value=\"\" \/>\n\n\t\t\t\n\t\t\t<div class=\"elementor-form-fields-wrapper elementor-labels-above\">\n\t\t\t\t\t\t\t\t<div class=\"elementor-field-type-text elementor-field-group elementor-column elementor-field-group-name elementor-col-100 elementor-field-required\">\n\t\t\t\t\t\t\t\t\t\t\t\t\t<input size=\"1\" type=\"text\" name=\"form_fields[name]\" id=\"form-field-name\" class=\"elementor-field elementor-size-md  elementor-field-textual\" placeholder=\"Nome:\" required=\"required\">\n\t\t\t\t\t\t\t\t\t\t\t<\/div>\n\t\t\t\t\t\t\t\t<div class=\"elementor-field-type-email elementor-field-group elementor-column elementor-field-group-email elementor-col-100 elementor-field-required\">\n\t\t\t\t\t\t\t\t\t\t\t\t\t<input size=\"1\" type=\"email\" name=\"form_fields[email]\" id=\"form-field-email\" class=\"elementor-field elementor-size-md  elementor-field-textual\" placeholder=\"E-mail:\" required=\"required\">\n\t\t\t\t\t\t\t\t\t\t\t<\/div>\n\t\t\t\t\t\t\t\t<div class=\"elementor-field-type-tel elementor-field-group elementor-column elementor-field-group-message elementor-col-100 elementor-field-required\">\n\t\t\t\t\t\t\t<input size=\"1\" type=\"tel\" name=\"form_fields[message]\" id=\"form-field-message\" class=\"elementor-field elementor-size-md  elementor-field-textual\" placeholder=\"Telefone:\" required=\"required\" pattern=\"[0-9()#&amp;+*-=.]+\" title=\"Only numbers and phone characters (#, -, *, etc) are accepted.\">\n\n\t\t\t\t\t\t<\/div>\n\t\t\t\t\t\t\t\t<div class=\"elementor-field-type-upload elementor-field-group elementor-column elementor-field-group-field_9eebddd elementor-col-100 elementor-field-required\">\n\t\t\t\t\t\t\t\t\t\t\t\t<label for=\"form-field-field_9eebddd\" class=\"elementor-field-label\">\n\t\t\t\t\t\t\t\tSomente PDF:\t\t\t\t\t\t\t<\/label>\n\t\t\t\t\t\t\t\t<input type=\"file\" name=\"form_fields[field_9eebddd]\" id=\"form-field-field_9eebddd\" class=\"elementor-field elementor-size-md  elementor-upload-field\" required=\"required\" data-maxsize=\"8\" data-maxsize-message=\"This file exceeds the maximum allowed size.\">\n\n\t\t\t\t\t\t<\/div>\n\t\t\t\t\t\t\t\t<div class=\"elementor-field-type-recaptcha elementor-field-group elementor-column elementor-field-group-field_3ceed32 elementor-col-100\">\n\t\t\t\t\t<div class=\"elementor-field\" id=\"form-field-field_3ceed32\"><div class=\"elementor-g-recaptcha\" data-sitekey=\"6Lf6r7kqAAAAAA_o0aeMlx3oyc6RVVBigHFjb7kS\" data-type=\"v2_checkbox\" data-theme=\"light\" data-size=\"normal\"><\/div><\/div>\t\t\t\t<\/div>\n\t\t\t\t\t\t\t\t<div class=\"elementor-field-group elementor-column elementor-field-type-submit elementor-col-100 e-form__buttons\">\n\t\t\t\t\t<button class=\"elementor-button elementor-size-sm\" type=\"submit\">\n\t\t\t\t\t\t<span class=\"elementor-button-content-wrapper\">\n\t\t\t\t\t\t\t\t\t\t\t\t\t\t\t\t\t\t\t\t\t\t<span class=\"elementor-button-text\">Enviar<\/span>\n\t\t\t\t\t\t\t\t\t\t\t\t\t<\/span>\n\t\t\t\t\t<\/button>\n\t\t\t\t<\/div>\n\t\t\t<\/div>\n\t\t<\/form>\n\t\t\t\t\t\t<\/div>\n\t\t\t\t<\/div>\n\t\t\t\t<\/div>\n\t\t\t\t\t<\/div>\n\t\t\t\t<\/div>\n\t\t\t\t<\/div>\n\t\t","protected":false},"excerpt":{"rendered":"<p>Trabalhe Conosco Venha transformar o mundo com a gente! Acreditamos que grandes transforma\u00e7\u00f5es come\u00e7am com pessoas comprometidas e apaixonadas pelo que fazem. Nosso prop\u00f3sito \u00e9 ir al\u00e9m, criando solu\u00e7\u00f5es que impactem positivamente o mundo. Queremos ao nosso lado quem compartilha dessa vis\u00e3o: quem acredita que pode fazer a diferen\u00e7a e transformar o futuro com suas [&hellip;]<\/p>\n","protected":false},"author":2,"featured_media":0,"parent":0,"menu_order":0,"comment_status":"closed","ping_status":"closed","template":"elementor_theme","meta":{"footnotes":""},"class_list":["post-39","page","type-page","status-publish","hentry"],"aioseo_notices":[],"_links":{"self":[{"href":"https:\/\/alialogistica.com.br\/v3\/wp-json\/wp\/v2\/pages\/39","targetHints":{"allow":["GET"]}}],"collection":[{"href":"https:\/\/alialogistica.com.br\/v3\/wp-json\/wp\/v2\/pages"}],"about":[{"href":"https:\/\/alialogistica.com.br\/v3\/wp-json\/wp\/v2\/types\/page"}],"author":[{"embeddable":true,"href":"https:\/\/alialogistica.com.br\/v3\/wp-json\/wp\/v2\/users\/2"}],"replies":[{"embeddable":true,"href":"https:\/\/alialogistica.com.br\/v3\/wp-json\/wp\/v2\/comments?post=39"}],"version-history":[{"count":53,"href":"https:\/\/alialogistica.com.br\/v3\/wp-json\/wp\/v2\/pages\/39\/revisions"}],"predecessor-version":[{"id":445,"href":"https:\/\/alialogistica.com.br\/v3\/wp-json\/wp\/v2\/pages\/39\/revisions\/445"}],"wp:attachment":[{"href":"https:\/\/alialogistica.com.br\/v3\/wp-json\/wp\/v2\/media?parent=39"}],"curies":[{"name":"wp","href":"https:\/\/api.w.org\/{rel}","templated":true}]}}